*z. Give l(2).
17
Let j(f) be the second derivative of f**5/20 + f**4/4 - 2*f**3/3 - 16*f. Suppose 0 = 6*a - 2*a + 12. Give j(a).
12
Let t(f) be the third derivative of f**6/120 - 3*f**5/20 + 5*f**4/12 - 5*f**3/3 - 22*f**2. Determine t(8).
6
Let j = 32 + -24. Let p(y) = y**2 - 6*y - 11. What is p(j)?
5
Let f(u) = -u**2 + 3*u - 3. Let o be f(3). Let b = o + 6. Let j be -3*1 + b/(-3). Let k(w) = w**3 + 5*w**2 + 5*w. Calculate k(j).
-4
Let t(u) = -592 + 6*u + 584 - 2*u**2 + 3*u**2. Calculate t(-8).
8
Let q(h) = -3*h**3 + 1. Suppose 20 = -2*v - 3*v, -25 = -5*w + 5*v. Calculate q(w).
-2
Let g(f) = 2*f**2 - f**2 + 1 + 3*f + f**3 - 5*f**2. Let i(x) = -x**2 - 5*x - 5. Let m be i(-4). Let h = m - -4. What is g(h)?
1
Let g(l) = 4*l. Let c be ((-160)/60)/(4/(-6)). What is g(c)?
16
Let z(d) = 4*d. Let j(y) be the second derivative of -y**3/6 - 3*y**2/2 + 3*y. Let r be j(-11). Suppose -2*o + 2 = -m, -r - 4 = 4*o + 2*m. Calculate z(o).
-4
Let l(j) = 3*j + 6. Let x be l(-4). Let t be x/(-9)*(1 - -2). Suppose 0 = -r + 7 - t. Let u(d) = -d**2 + 5*d + 5. Give u(r).
5
Let h = 10 - 8. Let u(x) = -2*x - h + 6*x - x - x + 2*x**2. What is u(-2)?
2
Suppose 9 + 7 = 2*k. Let z(x) = -6 - 6*x**2 + 1 + 2*x - k*x - x**3. Let f(y) = -3*y + 1. Let w be f(2). Give z(w).
0
Let w(d) be the second derivative of d**4/6 + d**3/6 - d**2/2 - 44*d. What is w(-2)?
5
Let j(u) = u**2 + 4*u + 4. Let f be j(-4). Let y(t) = -3 + f*t - 3*t + 9. Let n(h) = -h**3 + 7*h**2 - 2*h - 24. Let c be n(6). Give y(c).
6
Suppose 15 = 3*d - 9. Let v(p) = -p + 11. Calculate v(d).
3
Let q(p) be the second derivative of -p**4/12 - p**3/3 - 3*p**2/2 + 3*p. Let i = 1 - -1. Let m = -1 - i. Determine q(m).
-6
Let n(j) = -4*j**2 + 3*j + 3. Let t(q) = -5*q**2 + 0*q**2 - 2 + 3*q + 5. Let r(f) = -6*n(f) + 5*t(f). Calculate r(-4).
-7
Let v(h) be the first derivative of h**3/3 - 7*h**2/2 + 3*h + 2. Let w be v(7). Let c(k) = -1 + 4*k**2 - 2*k**w + k**3 + 3. Calculate c(4).
2
Let z(g) = -2*g**3 - 9 - 2*g + 14 + 3*g**3 - 4*g**2 + 0*g**2. Determine z(4).
-3
Let k(c) = c**2 - 6*c - 7. Suppose -5*y = -3*l + 8*l - 10, y = -5. What is k(l)?
0
Let g(j) = -j**2 + 3*j + 3. Let z be 3/4 + (-228)/(-16). Suppose 16 = 5*k + 4*w, w - 4*w - z = -3*k. What is g(k)?
-1
Let w = -19 + 23. Let y(c) = 2 + c**2 - 4 + w. What is y(-2)?
6
Let r(s) = 3*s. Let w be (-3)/(-2) - 14/(-8)*2. What is r(w)?
15
Let f be (4 - 0)/(0 + 2). Let s(l) = -2 + l**2 + 1 + f*l + 0. Let c be (3/(-2))/((-6)/(-8)). Determine s(c).
-1
Let l(d) = d**2 - 3*d + 1. Suppose -2*b - 1 + 7 = 0. Suppose 2*m = -0*v + 4*v - 4, 4*v = b*m. Calculate l(m).
5
Let a(f) = -2*f**2 - f + 1. Let k(j) = -j**2 + 3*j + 5. Let l be k(4). Let p be a(l). Let n = p - -7. Let t(v) = v**2 - 3*v - 4. Determine t(n).
6
Let g(l) = 2*l - 2. Let d be 2 + (1*-2)/(-2). Let v = 0 - d. Let h be 1*6/v*1. Give g(h).
-6
Let s(l) = 4*l - 8. Let c(k) = -3*k + 7. Let d(f) = -7*c(f) - 6*s(f). Suppose 2*y + 5*p = -10 + 24, -2*y = 4*p - 12. Let m be y/7 - (-5)/7. Give d(m).
-4
Let f(o) = 2*o + 5. Let s(u) = -2*u - 6. Let p(w) = -6*f(w) - 5*s(w). Let i = -3 + 2. What is p(i)?
2
Let r be ((-11)/(-4))/(1/4). Let g(u) = 7*u + 1. Let s(k) = 13*k + 3. Let w(p) = r*g(p) - 6*s(p). Suppose 3*f = -j - 13, -f - 23 = 3*j + 2*j. Determine w(f).
-4
Suppose -5*x = -0 - 5. Let z(p) = -2 - p + 0 - x. Let c = -8 - -8. Calculate z(c).
-3
Suppose -14 = -4*i - 5*a + 10, -8 = -2*a. Let s(p) = -13*p**2 - 3*p + 3. Let w(n) = -n + 1. Let q(x) = -s(x) + 3*w(x). Calculate q(i).
13
Let i(m) be the second derivative of -4*m + 0*m**2 + 0 + 1/6*m**4 + m**3. Let u(h) = -h**3 + 2*h**2 + 2*h - 1. Let x be u(3). Calculate i(x).
8
Let p(l) = l**3 - 3*l**2 - 4*l. Let a be 4/(-12)*-15 + -1. Determine p(a).
0
Let k(p) = -8*p**2 - 8. Let m(x) = -7*x**2 - 7. Let n(v) = -6*k(v) + 7*m(v). Let w(q) = -q**2 - 7*q + 1. Let g be w(-6). Let r = g + -7. Give n(r).
-1
Let c be ((-8)/(-10))/((-4)/(-10)). Suppose -3*z + c*z + 2 = 0. Let r(q) = -1 + 2 - 4*q + 2 + q**2. Determine r(z).
-1
Suppose 4 = 5*r - 5*n - 21, -4*r = 3*n - 6. Let z(h) = 5*h**2 - 8. Let p(s) = -2*s**2 + 3. Let c(l) = 8*p(l) + 3*z(l). Give c(r).
-9
Let u(h) be the first derivative of -h**2 - 2*h + 14. What is u(-6)?
10
Suppose -x - 2 = -0*x. Let i(b) = b**2 + 3*b + 2. Determine i(x).
0
Let j be 9/(-12)*-1 + (-3)/(-12). Let y(r) = 2*r + 1. Calculate y(j).
3
Suppose -4*v + 8 = 2*d + 24, 0 = -4*d + 4*v - 8. Let w(j) = j - 4. Determine w(d).
-8
Let r(a) = 6*a**3 + 1. Let g be r(1). Suppose 3*n + g = -4*k - 20, -14 = -2*k + 4*n. Let h(t) = 3*t + 4. Calculate h(k).
-5
Let o(j) be the first derivative of -2*j**4 + 2*j**3/3 + j**2/2 + 11. What is o(-1)?
9
Let f(t) = t - 1. Let m(u) = -u**3 + 6*u**2 - 12*u + 6. Let x(y) = -6*f(y) - m(y). Let o = -12 + 17. Give x(o).
5
Suppose 0*k - 6 = -3*k. Let y(o) = 2*o**2 - k + 4*o - o**2 + 0*o - 3. Give y(-5).
0
Let g be 2 - 3 - (-6)/2. Suppose -j - g = j. Let c(i) = 8*i**3 - i**2 - i. Calculate c(j).
-8
Suppose -7*x = -2*x - 5. Let z(t) be the first derivative of x + 3/2*t**2 + 3*t - 1/3*t**3. Give z(-2).
-7
Let d be (-1)/(-4) - 11/(-4). Let j(q) = -3*q**3 - 5*q**2 - q + 6. Let v(z) = z**3 + 2*z**2 - 2. Let w(x) = d*j(x) + 8*v(x). Calculate w(2).
-8
Let i(z) = 3*z - 6 + z - 3*z. Let f(o) = 3*o**2 - 2*o - 1. Suppose -3*x + 3*t = -7*x - 19, 12 = -2*x - 2*t. Let s be f(x). Determine i(s).
-2
Let i(b) = -4*b**2 - 4*b + 11. Let j(y) = -y**2 + y + 1. Let f(q) = -i(q) + 5*j(q). Let s = 189 - 182. What is f(s)?
8
Let g(o) = 2*o**3 - 4*o**2 + o. Let s(d) = 2*d**3 - 5*d**2 + d. Let z(q) = 5*g(q) - 4*s(q). What is z(-1)?
-3
Let a(s) be the third derivative of -s**4/24 - s**3/2 + 4*s**2. Let y(l) = 2*l**2 + l + 1. Let k be y(-1). Suppose -h - k*h = 9. What is a(h)?
0
Let u be 266/28 - ((-5)/(-2))/(-5). Let k(c) = c - 13. Determine k(u).
-3
Let j(u) = u**3 + 6*u**2 + 4*u - 4. Let z be ((-15)/(-2))/(-3)*2. Let q be j(z). Let y(p) = p**3 - 2*p**2 + p. What is y(q)?
0
Let a(t) be the first derivative of 5 + 4*t - 2*t**2 - 1/3*t**3. Calculate a(-5).
-1
Let c(a) = a + 16. Let y be c(-11). Let q(b) = 6*b + y - 4*b + 0*b. Let w = -5 - -1. Give q(w).
-3
Let j = -4 - -5. Let q(y) = 14*y**3 - 2*y**2 + 1. Determine q(j).
13
Let i = 31 - 26. Let o(s) = -s**2 + 6*s - 1. What is o(i)?
4
Let b(n) = n - 5. Suppose -38*y = -41*y + 21. Determine b(y).
2
Let d = -7 + 9. Let a(t) = t + 3*t - 5*t + d. Suppose 6 = k + 3. Calculate a(k).
-1
Let s(f) = f**3 + 6*f**2 - 7*f + 2. Suppose 0*q - k = 5*q + 30, 23 = -4*q - k. Calculate s(q).
2
Suppose 14 = s + 5. Let u = -5 + s. Let a be 6/u*(-1 + -1). Let o(i) = -i**3 - 4*i**2 - 5*i - 4. Determine o(a).
2
Let a(b) = -3*b + 1. Let u(p) = 16*p - 4. Let y(r) = 11*a(r) + 2*u(r). What is y(-5)?
8
Let m be (9 - 3) + -2 + -2. Let i(a) = -2*a - 3*a + 2*a**2 - 2 + a**2 - m*a**2. Calculate i(4).
-6
Let z(y) = -y**2 + 4*y - 2. Let u(w) = w**2 + w - 18. Let p be u(4). Calculate z(p).
2
Let v(g) = -g**3 - 4*g**2 - 2*g - 3. Let x be (-6)/12 - 7/2. What is v(x)?
5
Let b be 1/4 - 55/44. Let g be -1*(0 - (b - 0)). Let q(c) = 5*c**3 + c. Calculate q(g).
-6
Suppose -3*z + 6 = -z. Let v(m) = 1 + 5*m + m - z*m. Calculate v(-2).
-5
Suppose 2*v = 7*v - 35. Let n(b) = b**2 + 6 - v*b - b + b. Give n(7).
6
Let q(j) be the first derivative of j**2/2 - 2*j - 1. Let n be q(4). Let a(o) = -o**2 + 1 - n + 5*o + 2. Determine a(5).
1
Let g(r) = r**3 + 6*r**2 + 6*r + 7. Let o = -37 + 32. Calculate g(o).
2
Let b(t) = -6*t**2 + 13*t - 4. Let o(q) = 5*q**2 - 12*q + 4. Let n(w) = 4*b(w) + 5*o(w). Calculate n(6).
-8
Let b(k) = 6*k + 19. Let m(y) be the first derivative of -y**2 - 6*y - 8. Let c(u) = -2*b(u) - 7*m(u). What is c(-3)?
-2
Let z = 23 + -25. Let j be 112/(-21) + z/3. Let t(s) = -s**3 - 6*s**2 + s - 8. Calculate t(j).
-14
Let b(y) = 5*y - 13. Let q be b(4). Let m(t) = -t**2 + 6*t + 6. Determine m(q).
-1
Let q be (-2)/(-7) - 40/(-7). Let u(g) = 3*g**3 - 4*g**3 + 5*g**2 + 8*g + 0*g**3 - 3 - 2*g. What is u(q)?
-3
Let i(z) = -z**2 + 6*z - 6. Let c be -3 - 0 - (-18 - -5). Let a be (-4)/5*75/c. Let j = 11 + a. Calculate i(j).
-1
Let y be -2*6/9*-3. Let i(k) = -k**3 + 3*k**2 + 6*k - 1. Calculate i(y).
7
Let q be -1 - 1 - (2 - 3). Let l(r) = 6*r - 4. Let k(n) = 7*n - 3. Let z(v) = -3*k(v) + 2*l(v). Calculate z(q).
10
Let c(a) = a**3 + a + 3*a + 8*a**2 - 31 + 21. Give c(-7).
11
Suppose 